{"id":5963,"date":"2022-05-25T17:47:49","date_gmt":"2022-05-25T15:47:49","guid":{"rendered":"https:\/\/sunra-oficial.com\/?post_type=product&#038;p=5963"},"modified":"2023-05-29T11:56:32","modified_gmt":"2023-05-29T09:56:32","slug":"zitmuv-zeta-max-125e-6000w-100ah-blanco-reserva","status":"publish","type":"product","link":"https:\/\/sunra-oficial.com\/?product=zitmuv-zeta-max-125e-6000w-100ah-blanco-reserva","title":{"rendered":"Zeta Max 125E 6000W\/115Ah Blanco"},"content":{"rendered":"<p><strong>Zeta Max 125E 6000W\/115Ah Blanco<\/strong><\/p>\n<p>Llega la aut\u00e9ntica revoluci\u00f3n de la mano de la motocicleta El\u00e9ctrica Zeta Max, con una potencia equivalente a una moto de 125e. Dispone de un motor el\u00e9ctrico Brushless de 6.000W. Su dise\u00f1o MaxiScooter la convierten en la opci\u00f3n ideal para moverte en tu d\u00eda a d\u00eda con la posibilidad de utilizarlo por todas las carreteras, autopistas y autov\u00edas de Europa.<\/p>\n<p>Disfruta de la gran autonom\u00eda que ofrece esta moto el\u00e9ctrica, <strong>con tan solo una bater\u00eda de 72V115AH podr\u00e1s recorrer hasta 170km sin interrupciones.<\/strong>\u00a0<img decoding=\"async\" style=\"--smush-placeholder-width: 535px; --smush-placeholder-aspect-ratio: 535\/535;display: block; margin-left: auto; margin-right: auto;\" data-src=\"https:\/\/i.ibb.co\/RjpXCdB\/zeta-max-6000w-125e-blanco-1.jpg\" alt=\"zeta-max-6000w-125e-blanco-1\" width=\"535\" height=\"535\" border=\"0\" title=\"\" src=\"data:image\/svg+xml;base64,PHN2ZyB3aWR0aD0iMSIgaGVpZ2h0PSIxIiB4bWxucz0iaHR0cDovL3d3dy53My5vcmcvMjAwMC9zdmciPjwvc3ZnPg==\" class=\"lazyload\">Nada de gasolina, filtros ni reparaciones complejas. <strong>Recargue su Zeta Max\u00a0en su hogar, trabajo, oficinas<\/strong>, etc. \u00a1Las posibilidades son ilimitadas! \u00a1Y disfrute del m\u00e1ximo rendimiento en estado puro!<\/p>\n<p>Su dise\u00f1o no te dejar\u00e1 indiferente esta maxiscooter con l\u00edneas deportivas busca ofrecer las sensaciones de comodidad y versatilidad que transmiten estos veh\u00edculos, sin perder la potencia y ventajas de una motocicleta.<\/p>\n<p><img decoding=\"async\" style=\"--smush-placeholder-width: 580px; --smush-placeholder-aspect-ratio: 580\/377;display: block; margin-left: auto; margin-right: auto;\" data-src=\"https:\/\/i.ibb.co\/Vp7BVLZ\/zeta-max-6000w-125e-descripcion.jpg\" alt=\"zeta-max-6000w-125e-descripcion\" width=\"580\" height=\"377\" border=\"0\" title=\"\" src=\"data:image\/svg+xml;base64,PHN2ZyB3aWR0aD0iMSIgaGVpZ2h0PSIxIiB4bWxucz0iaHR0cDovL3d3dy53My5vcmcvMjAwMC9zdmciPjwvc3ZnPg==\" class=\"lazyload\"><\/p>\n<p>Zeta Max est\u00e1 equipada con uno de los motores el\u00e9ctricos m\u00e1s potentes de la marca, <strong>un Motor El\u00e9ctrico de 6.000W Brushless<\/strong> ubicado en la rueda trasera, que proporciona la suficiente fuerza para alcanzar <strong>la velocidad m\u00e1xima de 110km\/h.<\/strong><\/p>\n<p>Este motor ofrece la m\u00e1xima potencia, con el menor desgaste de sus materiales al no producir rozamientos. Adem\u00e1s, su consumo es m\u00e1s bajo que en otros modelos (un 40% menos respecto a otros motores).<\/p>\n<p><img decoding=\"async\" style=\"--smush-placeholder-width: 541px; --smush-placeholder-aspect-ratio: 541\/407;display: block; margin-left: auto; margin-right: auto;\" data-src=\"https:\/\/i.ibb.co\/M88972b\/motor-zetamax.jpg\" alt=\"motor-zetamax\" width=\"541\" height=\"407\" border=\"0\" title=\"\" src=\"data:image\/svg+xml;base64,PHN2ZyB3aWR0aD0iMSIgaGVpZ2h0PSIxIiB4bWxucz0iaHR0cDovL3d3dy53My5vcmcvMjAwMC9zdmciPjwvc3ZnPg==\" class=\"lazyload\"><\/p>\n<p>Dispone de un <strong>marcador con pantalla LCD<\/strong> que le permite tener todo bajo su control: conoce los kil\u00f3metros recorridos, veloc\u00edmetro, hora, nivel de bater\u00eda, intensidad del motor o el tipo de velocidad a la que circulas en cada momento.<\/p>\n<p><img decoding=\"async\" style=\"--smush-placeholder-width: 479px; --smush-placeholder-aspect-ratio: 479\/377;display: block; margin-left: auto; margin-right: auto;\" data-src=\"https:\/\/i.ibb.co\/Kzsg7Yt\/zeta-max-6000w-marcador-descripcion.jpg\" alt=\"zeta-max-6000w-marcador-descripcion\" width=\"479\" height=\"377\" border=\"0\" title=\"\" src=\"data:image\/svg+xml;base64,PHN2ZyB3aWR0aD0iMSIgaGVpZ2h0PSIxIiB4bWxucz0iaHR0cDovL3d3dy53My5vcmcvMjAwMC9zdmciPjwvc3ZnPg==\" class=\"lazyload\"><\/p>\n<p>Lleva a un acompa\u00f1ante contigo. Zeta Max\u00a0dispone de un amplio y c\u00f3modo asiento para <strong>dos personas.<\/strong><\/p>\n<p>&nbsp;<\/p>\n<p><img decoding=\"async\" style=\"--smush-placeholder-width: 521px; --smush-placeholder-aspect-ratio: 521\/335;display: block; margin-left: auto; margin-right: auto;\" data-src=\"https:\/\/i.ibb.co\/RDm9n65\/zetamax-zitmuv-6000w-blanco-descripcion-3.jpg\" alt=\"zetamax-zitmuv-6000w-blanco-descripcion-3\" width=\"521\" height=\"335\" border=\"0\" title=\"\" src=\"data:image\/svg+xml;base64,PHN2ZyB3aWR0aD0iMSIgaGVpZ2h0PSIxIiB4bWxucz0iaHR0cDovL3d3dy53My5vcmcvMjAwMC9zdmciPjwvc3ZnPg==\" class=\"lazyload\"><\/p>\n<p>Est\u00e1 motocicleta el\u00e9ctrica est\u00e1 equipada con un faro frontal LED que le permite divisar un mayor \u00e1ngulo de visi\u00f3n en el camino sobre todo por la noche sin que pueda existir ning\u00fan peligro en la carretera. Con f\u00e1cil manejo de luces largas, cortas, posici\u00f3n y emergencia.<\/p>\n<p><img decoding=\"async\" style=\"display: block; margin-left: auto; margin-right: auto;\" data-src=\"https:\/\/i.ibb.co\/wYVKRCB\/faro-zetamax-3.jpg\" alt=\"faro-zetamax-3\" border=\"0\" title=\"\" src=\"data:image\/svg+xml;base64,PHN2ZyB3aWR0aD0iMSIgaGVpZ2h0PSIxIiB4bWxucz0iaHR0cDovL3d3dy53My5vcmcvMjAwMC9zdmciPjwvc3ZnPg==\" class=\"lazyload\"><\/p>\n<p>Cuenta adem\u00e1s con un <strong>sistema de 3 velocidades, marcha atr\u00e1s y bot\u00f3n de estacionamiento<\/strong> con el que podr\u00e1s disfrutar de una conducci\u00f3n ideal. Adem\u00e1s dispone de compartimento interior con cerradura incluida para que guardes lo que necesites.<\/p>\n<p><img decoding=\"async\" style=\"--smush-placeholder-width: 515px; --smush-placeholder-aspect-ratio: 515\/355;display: block; margin-left: auto; margin-right: auto;\" data-src=\"https:\/\/i.ibb.co\/W0Hwx9M\/compartimento-delantero-3.jpg\" alt=\"compartimento-delantero-3\" width=\"515\" height=\"355\" border=\"0\" title=\"\" src=\"data:image\/svg+xml;base64,PHN2ZyB3aWR0aD0iMSIgaGVpZ2h0PSIxIiB4bWxucz0iaHR0cDovL3d3dy53My5vcmcvMjAwMC9zdmciPjwvc3ZnPg==\" class=\"lazyload\"><\/p>\n<p>Est\u00e1 equipada con<strong>\u00a0discos de frenos delanteros y traseros\u00a0<\/strong>para una correcta frenada. Adem\u00e1s, cuenta con amortiguadores hidr\u00e1ulicos frontales y traseros que permiten una conducci\u00f3n m\u00e1s estable en terrenos movedizos.<\/p>\n<p><img decoding=\"async\" style=\"--smush-placeholder-width: 512px; --smush-placeholder-aspect-ratio: 512\/341;display: block; margin-left: auto; margin-right: auto;\" data-src=\"https:\/\/i.ibb.co\/ZLfj175\/zetamax-disco-zitmuv.jpg\" alt=\"zetamax-disco-zitmuv\" width=\"512\" height=\"341\" border=\"0\" title=\"\" src=\"data:image\/svg+xml;base64,PHN2ZyB3aWR0aD0iMSIgaGVpZ2h0PSIxIiB4bWxucz0iaHR0cDovL3d3dy53My5vcmcvMjAwMC9zdmciPjwvc3ZnPg==\" class=\"lazyload\"><\/p>\n<p>Una de las ventajas de esta motocicleta es la gran capacidad y potencia de la <strong>Bater\u00eda de Litio 72V\/115Ah<\/strong>.\u00a0En tan s\u00f3lo 10 horas podr\u00e1s tener tu bater\u00eda totalmente cargada, con la que recorrer hasta\u00a0<strong>170 Km sin interrupciones en Modalidad ECO.\u00a0<\/strong><\/p>\n<p>Adem\u00e1s nuestra <strong>Zeta Max<\/strong>\u00a0es totalmente resistente al agua. Conduzca sin temores a las condiciones meteorol\u00f3gicas. Sus componentes est\u00e1n dise\u00f1ados para poder resistir la lluvia y el viento, siendo testados cada uno de ellos.<\/p>\n<p><strong>* ADVERTENCIA:<\/strong><\/p>\n<p>Antes de su uso, lea completamente el manual de usuario, advertencias de seguridad, mantenimiento, inspecci\u00f3n, uso de la bater\u00eda y conserve el manual con el que se acompa\u00f1a el producto para futuras referencias.<\/p>\n<p>El precio de este producto, incluye el transporte en la Pen\u00ednsula, el IVA nacional. El comprador deber\u00e1 asegurar la motocicleta mediante su compa\u00f1\u00eda aseguradora, cumplir las normas de circulaci\u00f3n y matricular su veh\u00edculo.<\/p>\n<p><strong>Tambi\u00e9n es necesario firmar un contrato de venta. Nuestro equipo se pondr\u00e1 en contacto con el comprador para enviarle dichos contratos y realizar el tr\u00e1mite.<\/strong><\/p>\n<h3><strong>Especificaciones:<\/strong><\/h3>\n<table border=\"0\" width=\"100%\" cellspacing=\"0\" cellpadding=\"0\">\n<tbody>\n<tr>\n<td align=\"left\" width=\"262\"><strong>Nombre de producto:<\/strong><\/td>\n<td colspan=\"1\" align=\"left\" width=\"718\">Zeta Max 125E 6000W\/115Ah Blanco<\/td>\n<\/tr>\n<tr>\n<td align=\"left\"><strong>Energ\u00eda del motor:<\/strong><\/td>\n<td colspan=\"1\" align=\"left\">6.000W Brushless Motor (equivalente a 125E)<\/td>\n<\/tr>\n<tr>\n<td align=\"left\"><strong>Controladora:<\/strong><\/td>\n<td align=\"left\">24CMOS<\/td>\n<\/tr>\n<tr>\n<td align=\"left\"><strong>Velocidad m\u00e1xima:<\/strong><\/td>\n<td align=\"left\">110 (km\/h)<\/td>\n<\/tr>\n<tr>\n<td align=\"left\"><strong>Tipos de bater\u00edas:<\/strong><\/td>\n<td align=\"left\">Bater\u00eda de Litio<\/td>\n<\/tr>\n<tr>\n<td align=\"left\"><strong>Capacidad de la bater\u00eda:<\/strong><\/td>\n<td align=\"left\">115AH DE 72V (7,2 kWh)<\/td>\n<\/tr>\n<tr>\n<td align=\"left\"><strong>Alcance m\u00e1ximo:<\/strong><\/td>\n<td align=\"left\">170 km \/ 1 persona (180kg)<\/td>\n<\/tr>\n<tr>\n<td align=\"left\"><strong>Bater\u00eda tiempo de carga:<\/strong><\/td>\n<td colspan=\"1\" align=\"left\">10 horas<\/td>\n<\/tr>\n<tr>\n<td align=\"left\"><strong>Vida de bater\u00eda:<\/strong><\/td>\n<td colspan=\"1\" align=\"left\">1.500 ciclos de carga<\/td>\n<\/tr>\n<tr>\n<td align=\"left\"><strong>Capacidad de subida:<\/strong><\/td>\n<td colspan=\"1\" align=\"left\">30% (2 persona, 180kg)<\/td>\n<\/tr>\n<tr>\n<td align=\"left\"><strong>Tipo de medidor:<\/strong><\/td>\n<td colspan=\"1\" align=\"left\">Digital<\/td>\n<\/tr>\n<tr>\n<td align=\"left\"><strong>Frenos (frontal\/trasero):<\/strong><\/td>\n<td colspan=\"1\" align=\"left\">Disco\/Disco<\/td>\n<\/tr>\n<tr>\n<td align=\"left\"><strong>Amortiguador (Frontal\/Trasero):<\/strong><\/td>\n<td colspan=\"1\" align=\"left\">Hidr\u00e1ulico \/ hidr\u00e1ulico<\/td>\n<\/tr>\n<tr>\n<td align=\"left\"><strong>Tama\u00f1o de neum\u00e1tico:<\/strong><\/td>\n<td colspan=\"1\" align=\"left\">Frontal: 120\/80-14 sin c\u00e1mara Trasero:140\/60-14<\/td>\n<\/tr>\n<tr>\n<td align=\"left\"><strong>Capacidad Max de carga:<\/strong><\/td>\n<td colspan=\"1\" align=\"left\">2 personas (296kg)<\/td>\n<\/tr>\n<tr>\n<td align=\"left\"><strong>Tipo de marco:<\/strong><\/td>\n<td colspan=\"1\" align=\"left\">Acero<\/td>\n<\/tr>\n<tr>\n<td align=\"left\"><strong>Peso neto:<\/strong><\/td>\n<td colspan=\"1\" align=\"left\">145kg (con bater\u00eda)<\/td>\n<\/tr>\n<tr>\n<td align=\"left\"><strong>Peso de la bater\u00eda:<\/strong><\/td>\n<td align=\"left\">50kg<\/td>\n<\/tr>\n<tr>\n<td align=\"left\"><strong>Incluye:<\/strong><\/td>\n<td colspan=\"1\" align=\"left\">3 velocidades + Marcador Pantalla LCD + Marcha Atr\u00e1s + Bot\u00f3n de Estacionamineto+ 2 Juegos de llaves+ Espejos Retrovisores+ Compartimento Delantero Con Candado<\/td>\n<\/tr>\n<tr>\n<td align=\"left\"><strong>Medidas<\/strong><\/td>\n<td colspan=\"1\" align=\"left\">2150x785x1325 mm<\/td>\n<\/tr>\n<tr>\n<td align=\"left\"><strong>Permiso de Circulaci\u00f3n<\/strong><\/td>\n<td colspan=\"1\" align=\"left\">A1,A2,A, B (3 a\u00f1os)<\/td>\n<\/tr>\n<\/tbody>\n<\/table>\n<p>&nbsp;<\/p>\n<p><strong>Motocicleta El\u00e9ctrica 0 Emisiones Homologado por la Direcci\u00f3n General de Tr\u00e1fico y Ministerio de Industria. Circulaci\u00f3n Legal 100&#215;100. <\/strong><\/p>\n<p><img decoding=\"async\" data-src=\"https:\/\/i.ibb.co\/hKm0S3W\/tarjetaemisioneseco.jpg\" alt=\"tarjetaemisioneseco\" width=\"197\" height=\"142\" border=\"0\" title=\"\" src=\"data:image\/svg+xml;base64,PHN2ZyB3aWR0aD0iMSIgaGVpZ2h0PSIxIiB4bWxucz0iaHR0cDovL3d3dy53My5vcmcvMjAwMC9zdmciPjwvc3ZnPg==\" class=\"lazyload\" style=\"--smush-placeholder-width: 197px; --smush-placeholder-aspect-ratio: 197\/142;\"><\/p>\n<p>&nbsp;<\/p>\n<p>3 a\u00f1os en todos los componentes y partes del producto. Disponemos de todo tipo de repuestos, como bater\u00edas, motores, cubiertas, faros y pilotos, frenos, manetas, electr\u00f3nica.<\/p>\n<p><em>Las fechas indicadas de entrega son aproximadas y se pueden modificar por motivos de una pandemia o retrasos en transporte ocasionados por motivos ajenos a nuestra empresa.<\/em><\/p>\n<p style=\"text-align: center;\"><strong>Recomendaciones Para Tu Motocicleta\u00a0<\/strong><\/p>\n<p><img decoding=\"async\" style=\"--smush-placeholder-width: 487px; --smush-placeholder-aspect-ratio: 487\/487;display: block; margin-left: auto; margin-right: auto;\" data-src=\"https:\/\/i.ibb.co\/wShnnFw\/infografia-baterias-consejos.png\" alt=\"infografia-baterias-consejos\" width=\"487\" height=\"487\" border=\"0\" title=\"\" src=\"data:image\/svg+xml;base64,PHN2ZyB3aWR0aD0iMSIgaGVpZ2h0PSIxIiB4bWxucz0iaHR0cDovL3d3dy53My5vcmcvMjAwMC9zdmciPjwvc3ZnPg==\" class=\"lazyload\"><\/p>\n<p>\u00bfQuieres a largar la vida \u00fatil de tu motocicleta? Sigue esta serie de recomendaciones para disfrutar de tu motocicleta al m\u00e1ximo:<br \/>\n&#8211; Una vez enciendas tu motocicleta espera 5 segundos para acelerar e iniciar tu viaje.<br \/>\n&#8211; Si acabas de utilizar tu motocicleta, te recomendamos esperar media hora para cargar tu bater\u00eda de nuevo.<br \/>\n&#8211; Conduce en Modo ECO para optimizar la vida de tu bater\u00eda.<br \/>\n&#8211; No agotes al completo la bater\u00eda hasta el m\u00ednimo, los estados de carga demasiado bajos perjudican la bater\u00eda, lo ideal es mantener tu bater\u00eda entre el 20 y el 80 % es por ello que con cargar hasta el 80% es suficiente.<br \/>\n&#8211; Recuerda realizar una carga completa una vez a la semana.<br \/>\n&#8211; Evita cargar tu moto en lugares con temperaturas superior 38\u00ba-40\u00aa para evitar que se caliente la bater\u00eda.<\/p>\n<p><strong>\u00bfConoces las Ventajas del Veh\u00edculo El\u00e9ctrico?<\/strong><\/p>\n<p>Visita nuestro blog para conocer el ahorro<\/p>\n<p><a href=\"https:\/\/ibb.co\/WV5RWrt\" target=\"_blank\" rel=\"noopener\"><img decoding=\"async\" style=\"display: block; margin-left: auto; margin-right: auto;\" data-src=\"https:\/\/i.ibb.co\/Y0QV75Z\/tabla-comparativa.jpg\" alt=\"tabla-comparativa\" border=\"0\" title=\"\" src=\"data:image\/svg+xml;base64,PHN2ZyB3aWR0aD0iMSIgaGVpZ2h0PSIxIiB4bWxucz0iaHR0cDovL3d3dy53My5vcmcvMjAwMC9zdmciPjwvc3ZnPg==\" class=\"lazyload\"><\/a><\/p>\n","protected":false},"excerpt":{"rendered":"<ul>\n<li><strong>Zeta Max Motor 6000W Brushless<\/strong><\/li>\n<li><strong>Bater\u00eda Litio\u00a0<\/strong><\/li>\n<li><strong>Hasta 170 Km de Autonom\u00eda<\/strong><\/li>\n<li><strong>Velocidad M\u00e1xima de 110km\/h<\/strong><\/li>\n<li><strong>3 Velocidades<\/strong><\/li>\n<li><strong>Marcha Atr\u00e1s<\/strong><\/li>\n<li><strong>Bot\u00f3n Estacionamiento<\/strong><\/li>\n<li><strong>Doble Asiento<\/strong><\/li>\n<li><strong>Marcador Pantalla LCD<\/strong><\/li>\n<li><strong>Compartimento Delantero<\/strong><\/li>\n<\/ul>\n","protected":false},"featured_media":6292,"comment_status":"open","ping_status":"closed","template":"","meta":[],"product_cat":[272],"product_tag":[],"class_list":{"0":"post-5963","1":"product","2":"type-product","3":"status-publish","4":"has-post-thumbnail","6":"product_cat-zeta-max","8":"first","9":"instock","10":"sale","11":"taxable","12":"shipping-taxable","13":"purchasable","14":"product-type-simple"},"_links":{"self":[{"href":"https:\/\/sunra-oficial.com\/index.php?rest_route=\/wp\/v2\/product\/5963","targetHints":{"allow":["GET"]}}],"collection":[{"href":"https:\/\/sunra-oficial.com\/index.php?rest_route=\/wp\/v2\/product"}],"about":[{"href":"https:\/\/sunra-oficial.com\/index.php?rest_route=\/wp\/v2\/types\/product"}],"replies":[{"embeddable":true,"href":"https:\/\/sunra-oficial.com\/index.php?rest_route=%2Fwp%2Fv2%2Fcomments&post=5963"}],"wp:featuredmedia":[{"embeddable":true,"href":"https:\/\/sunra-oficial.com\/index.php?rest_route=\/wp\/v2\/media\/6292"}],"wp:attachment":[{"href":"https:\/\/sunra-oficial.com\/index.php?rest_route=%2Fwp%2Fv2%2Fmedia&parent=5963"}],"wp:term":[{"taxonomy":"product_cat","embeddable":true,"href":"https:\/\/sunra-oficial.com\/index.php?rest_route=%2Fwp%2Fv2%2Fproduct_cat&post=5963"},{"taxonomy":"product_tag","embeddable":true,"href":"https:\/\/sunra-oficial.com\/index.php?rest_route=%2Fwp%2Fv2%2Fproduct_tag&post=5963"}],"curies":[{"name":"wp","href":"https:\/\/api.w.org\/{rel}","templated":true}]}}