{"id":6506,"date":"2022-10-19T16:10:32","date_gmt":"2022-10-19T14:10:32","guid":{"rendered":"https:\/\/sunra-oficial.com\/?post_type=product&#038;p=6506"},"modified":"2024-06-06T17:31:42","modified_gmt":"2024-06-06T15:31:42","slug":"tinbot-rs1-125e-12-000w-120ah-negro","status":"publish","type":"product","link":"https:\/\/sunra-oficial.com\/?product=tinbot-rs1-125e-12-000w-120ah-negro","title":{"rendered":"TINBOT RS1 125E 12.000W\/120Ah Negro"},"content":{"rendered":"<p><strong>TINBOT RS1 125E 12.000W\/120 Ah Negro \/ Gris <\/strong><\/p>\n<p><strong>IMPORTANTE:\u00a0Nuestros Modelos TINBOT solo est\u00e1n disponibles para la venta en Espa\u00f1a y Portugal.\u00a0<\/strong><\/p>\n<p>Sorpr\u00e9ndete con la Potencia de <strong>TINBOT RS1<\/strong>, la motocicleta el\u00e9ctrica que cambiar\u00e1 tu forma de moverte. Dispone de un potente motor central con una potencia m\u00e1xima de 35.000W. <strong>RS1<\/strong> es \u00e1gil y r\u00e1pido en movimientos para ofrecer una experiencia de pilotaje sobre asfalto verdaderamente \u00fanica.<br \/>\n<img decoding=\"async\" style=\"display: block; margin-left: auto; margin-right: auto;\" data-src=\"https:\/\/i.ibb.co\/dBfp6TP\/20230113-123222-edit.jpg\" alt=\"20230113-123222-edit\" border=\"0\" title=\"\" src=\"data:image\/svg+xml;base64,PHN2ZyB3aWR0aD0iMSIgaGVpZ2h0PSIxIiB4bWxucz0iaHR0cDovL3d3dy53My5vcmcvMjAwMC9zdmciPjwvc3ZnPg==\" class=\"lazyload\"><\/p>\n<p>Disfruta de la gran autonom\u00eda que ofrece este modelo. Dispone de una bater\u00eda de 72V 120Ah con las que podr\u00e1s recorrer hasta 200km sin interrupciones.<\/p>\n<p>Nada de gasolina, filtros ni reparaciones complejas. <strong>Recargue su TINBOT RS1 en su hogar, trabajo, centros de carga, oficina<\/strong>, etc. \u00a1Las posibilidades son ilimitadas! \u00a1Y disfrute del m\u00e1ximo rendimiento en estado puro!<\/p>\n<p><img decoding=\"async\" style=\"display: block; margin-left: auto; margin-right: auto;\" data-src=\"https:\/\/i.ibb.co\/TtRvtFb\/20230113-121643-edit.jpg\" alt=\"20230113-121643-edit\" border=\"0\" title=\"\" src=\"data:image\/svg+xml;base64,PHN2ZyB3aWR0aD0iMSIgaGVpZ2h0PSIxIiB4bWxucz0iaHR0cDovL3d3dy53My5vcmcvMjAwMC9zdmciPjwvc3ZnPg==\" class=\"lazyload\"><\/p>\n<p>\u00a1Recargue su\u00a0<strong>TINBOT RS1<\/strong>\u00a0donde quiera!\u00a0<strong>Dispone de dos m\u00e9todos de carga:<\/strong><\/p>\n<p>&#8211; Si quiere realizar la carga en estaciones de carga p\u00fablicos o privados dispone del m\u00e9todo de carga de 25Ah integrado\u00a0Mennekes Tipo 2.<\/p>\n<p>-Si prefiere realizar la carga en su hogar u oficina puede adquirir\u00a0adicionalmente al precio de TINBOT RS1\u00a0 un convertidor Mennekes-Schuko o si lo prefiere puede cargarlo mediante\u00a0un cargador tipo Schuko 220V incluido en el precio de su TINBOT RS1 \u00a1Las posibilidades son ilimitadas! Podr\u00e1s adquirir en nuestra web, el\u00a0convertidor Mennekes-Schuko<\/p>\n<p><strong>&#8211;\u00a0<\/strong><a href=\"https:\/\/www.gran-scooter.com\/repuestos-repuestos-odin-adaptador-argador-mennekes-tipo-schuko-250v-16a-p-3299.html\" target=\"_blank\" rel=\"noopener\">Adaptador Cargador Mennekes Tipo 2 \/ Schuko 250V-16A<\/a><\/p>\n<p><img decoding=\"async\" style=\"--smush-placeholder-width: 531px; --smush-placeholder-aspect-ratio: 531\/708;display: block; margin-left: auto; margin-right: auto;\" data-src=\"https:\/\/i.ibb.co\/rwXVYhf\/20230113-121703-edit.jpg\" alt=\"20230113-121703-edit\" width=\"531\" height=\"708\" border=\"0\" title=\"\" src=\"data:image\/svg+xml;base64,PHN2ZyB3aWR0aD0iMSIgaGVpZ2h0PSIxIiB4bWxucz0iaHR0cDovL3d3dy53My5vcmcvMjAwMC9zdmciPjwvc3ZnPg==\" class=\"lazyload\"><\/p>\n<p>&nbsp;<\/p>\n<p><strong>TINBOT RS1<\/strong> est\u00e1 equipado con un motor central de 12.000W de potencia nominal y una potencia m\u00e1xima de 35.000W\u00a0 ubicado en en el centro de la moto, proporcionando la suficiente fuerza para alcanzar una velocidad m\u00e1xima de hasta 120km\/h, esta motocicleta alcanza los 100km\/h en 8,26sg con un Par Motor 23.4 N.m.<\/p>\n<p>Dispone de un <strong>marcador con pantalla LCD<\/strong> que le permite tener todo bajo su control: conocer los kil\u00f3metros recorridos, veloc\u00edmetro, hora, nivel de bater\u00eda, intensidad del motor o el tipo de velocidad a la que circulas en cada momento. \u00a1No pierdas ning\u00fan detalle!<\/p>\n<p><img decoding=\"async\" style=\"display: block; margin-left: auto; margin-right: auto;\" data-src=\"https:\/\/i.ibb.co\/Kj5zSf9\/20230113-124411-edit.jpg\" alt=\"20230113-124411-edit\" border=\"0\" title=\"\" src=\"data:image\/svg+xml;base64,PHN2ZyB3aWR0aD0iMSIgaGVpZ2h0PSIxIiB4bWxucz0iaHR0cDovL3d3dy53My5vcmcvMjAwMC9zdmciPjwvc3ZnPg==\" class=\"lazyload\"><br \/>\nLleva a un acompa\u00f1ante contigo. <strong>TINBOT RS1<\/strong> dispone de un amplio y c\u00f3modo asiento para <strong>dos personas.<\/strong><\/p>\n<p><img decoding=\"async\" style=\"display: block; margin-left: auto; margin-right: auto;\" data-src=\"https:\/\/i.ibb.co\/C6p4Js1\/20230113-121312-edit.jpg\" alt=\"20230113-121312-edit\" border=\"0\" title=\"\" src=\"data:image\/svg+xml;base64,PHN2ZyB3aWR0aD0iMSIgaGVpZ2h0PSIxIiB4bWxucz0iaHR0cDovL3d3dy53My5vcmcvMjAwMC9zdmciPjwvc3ZnPg==\" class=\"lazyload\"><\/p>\n<p>&nbsp;<\/p>\n<p>Est\u00e1 motocicleta el\u00e9ctrica est\u00e1 equipada con un <strong>faro frontal LED<\/strong> que le permite divisar un mayor \u00e1ngulo de visi\u00f3n en el camino en horas de poca visibilidad sin que pueda existir ning\u00fan peligro en la carretera. Con f\u00e1cil manejo de luces largas, cortas, posici\u00f3n y emergencia.<\/p>\n<p><a href=\"https:\/\/ibb.co\/990qN2X\" target=\"_blank\" rel=\"noopener\"><img decoding=\"async\" style=\"display: block; margin-left: auto; margin-right: auto;\" data-src=\"https:\/\/i.ibb.co\/3yb07WX\/20230113-121516-edit.jpg\" alt=\"20230113-121516-edit\" border=\"0\" title=\"\" src=\"data:image\/svg+xml;base64,PHN2ZyB3aWR0aD0iMSIgaGVpZ2h0PSIxIiB4bWxucz0iaHR0cDovL3d3dy53My5vcmcvMjAwMC9zdmciPjwvc3ZnPg==\" class=\"lazyload\"><\/a><\/p>\n<p>Est\u00e1 equipado con<strong>\u00a0discos de frenos delanteros y traseros\u00a0<\/strong>para una correcta frenada. Adem\u00e1s, cuenta con amortiguadores hidr\u00e1ulicos frontales y traseros que permiten una conducci\u00f3n m\u00e1s estable en terrenos movedizos.\u00a0Una de las ventajas de esta motocicleta es la gran capacidad y potencia de la <strong>Bater\u00eda de Litio 72V\/120Ah<\/strong>.\u00a0En tan s\u00f3lo 6 horas\u00a0 podr\u00e1s tener tu bater\u00eda totalmente cargada, con la que recorrer hasta\u00a0<strong>200Km sin interrupciones en Modalidad ECO.\u00a0<\/strong><\/p>\n<p>Adem\u00e1s nuestra <strong>TINBOT RS1<\/strong> es totalmente resistente al agua. Conduzca sin temores a las condiciones meteorol\u00f3gicas. Sus componentes est\u00e1n dise\u00f1ados para poder resistir la lluvia y el viento, siendo testados cada uno de ellos.<\/p>\n<p>Te presentamos una Review completa, para que conozcas en profundidad el modelo TINBOT RS1 \u00a1No Te lo puedes perder!<\/p>\n<p><iframe title=\"YouTube video player\" data-src=\"https:\/\/www.youtube.com\/embed\/ooSDVA51Wpo\" width=\"560\" height=\"315\" frameborder=\"0\" allowfullscreen=\"allowfullscreen\" src=\"data:image\/svg+xml;base64,PHN2ZyB3aWR0aD0iMSIgaGVpZ2h0PSIxIiB4bWxucz0iaHR0cDovL3d3dy53My5vcmcvMjAwMC9zdmciPjwvc3ZnPg==\" class=\"lazyload\" data-load-mode=\"1\"><\/iframe><\/p>\n<p>A continuaci\u00f3n te mostramos una prueba de Velocidad de TINBOT RS1<\/p>\n<p><iframe title=\"YouTube video player\" data-src=\"https:\/\/www.youtube.com\/embed\/CSWGekZLtKw\" width=\"560\" height=\"315\" frameborder=\"0\" allowfullscreen=\"allowfullscreen\" src=\"data:image\/svg+xml;base64,PHN2ZyB3aWR0aD0iMSIgaGVpZ2h0PSIxIiB4bWxucz0iaHR0cDovL3d3dy53My5vcmcvMjAwMC9zdmciPjwvc3ZnPg==\" class=\"lazyload\" data-load-mode=\"1\"><\/iframe><\/p>\n<p><strong>* ADVERTENCIA:<\/strong><\/p>\n<p>Antes de su uso, lea completamente el manual de usuario, advertencias de seguridad, mantenimiento, inspecci\u00f3n, uso de la bater\u00eda y conserve el manual con el que se acompa\u00f1a el producto para futuras referencias.<\/p>\n<p>El precio de este producto, incluye el transporte en la Pen\u00ednsula, el IVA nacional. El comprador deber\u00e1 asegurar la motocicleta mediante su compa\u00f1\u00eda aseguradora, cumplir las normas de circulaci\u00f3n y matricular su veh\u00edculo.<\/p>\n<p><strong>Tambi\u00e9n es necesario firmar un contrato de venta. Nuestro equipo se pondr\u00e1 en contacto con el comprador para enviarle dichos contratos y realizar el tr\u00e1mite.<\/strong><\/p>\n<p><strong>*El dise\u00f1o final puede sufrir modificaciones<\/strong><\/p>\n<h3><strong>Especificaciones:<\/strong><\/h3>\n<table border=\"0\" width=\"100%\" cellspacing=\"0\" cellpadding=\"0\">\n<tbody>\n<tr style=\"height: 18px;\">\n<td style=\"height: 18px;\" align=\"left\" width=\"262\"><strong>Nombre de producto:<\/strong><\/td>\n<td style=\"height: 18px;\" colspan=\"1\" align=\"left\" width=\"718\">TINBOT RS1 125E 12.000W\/120 Ah Negro \/ Gris<\/td>\n<\/tr>\n<tr style=\"height: 18px;\">\n<td style=\"height: 18px;\" align=\"left\"><strong>Energ\u00eda del motor:<\/strong><\/td>\n<td style=\"height: 18px;\" colspan=\"1\" align=\"left\">12.000W Motor Central (equivalente a 125E)<\/td>\n<\/tr>\n<tr style=\"height: 18px;\">\n<td style=\"height: 18px;\" align=\"left\"><strong>Controladora:<\/strong><\/td>\n<td style=\"height: 18px;\" align=\"left\">FOC<\/td>\n<\/tr>\n<tr style=\"height: 18px;\">\n<td style=\"height: 18px;\" align=\"left\"><strong>Velocidad m\u00e1xima:<\/strong><\/td>\n<td style=\"height: 18px;\" align=\"left\">120 (km\/h)<\/td>\n<\/tr>\n<tr style=\"height: 18px;\">\n<td style=\"height: 18px;\" align=\"left\"><strong>Tipos de bater\u00edas:<\/strong><\/td>\n<td style=\"height: 18px;\" align=\"left\">Bater\u00eda de Litio<\/td>\n<\/tr>\n<tr style=\"height: 18px;\">\n<td style=\"height: 18px;\" align=\"left\"><strong>Capacidad de la bater\u00eda:<\/strong><\/td>\n<td style=\"height: 18px;\" align=\"left\">120AH DE 72V (8,64 kWh)<\/td>\n<\/tr>\n<tr style=\"height: 18px;\">\n<td style=\"height: 18px;\" align=\"left\"><strong>Alcance m\u00e1ximo:<\/strong><\/td>\n<td style=\"height: 18px;\" align=\"left\">200 km \/ 2 persona (150kg)<\/td>\n<\/tr>\n<tr style=\"height: 18px;\">\n<td style=\"height: 18px;\" align=\"left\"><strong>Bater\u00eda tiempo de carga:<\/strong><\/td>\n<td style=\"height: 18px;\" colspan=\"1\" align=\"left\">6 horas<\/td>\n<\/tr>\n<tr style=\"height: 20.0339px;\">\n<td style=\"height: 20.0339px;\" align=\"left\"><strong>Vida de bater\u00eda:<\/strong><\/td>\n<td style=\"height: 20.0339px;\" colspan=\"1\" align=\"left\">1.500 ciclos de carga<\/td>\n<\/tr>\n<tr style=\"height: 18px;\">\n<td style=\"height: 18px;\" align=\"left\"><strong>Capacidad de subida:<\/strong><\/td>\n<td style=\"height: 18px;\" colspan=\"1\" align=\"left\">18\u00ba<\/td>\n<\/tr>\n<tr style=\"height: 18px;\">\n<td style=\"height: 18px;\" align=\"left\"><strong>Tipo de medidor:<\/strong><\/td>\n<td style=\"height: 18px;\" colspan=\"1\" align=\"left\">Digital<\/td>\n<\/tr>\n<tr style=\"height: 18px;\">\n<td style=\"height: 18px;\" align=\"left\"><strong>Frenos (frontal\/trasero):<\/strong><\/td>\n<td style=\"height: 18px;\" colspan=\"1\" align=\"left\">Disco\u00a0 \/ Disco<\/td>\n<\/tr>\n<tr style=\"height: 36px;\">\n<td style=\"height: 36px;\" align=\"left\"><strong>Amortiguador (Frontal\/Trasero):<\/strong><\/td>\n<td style=\"height: 36px;\" colspan=\"1\" align=\"left\">Hidr\u00e1ulico \/ Hidr\u00e1ulico<\/td>\n<\/tr>\n<tr style=\"height: 18px;\">\n<td style=\"height: 18px;\" align=\"left\"><strong>Tama\u00f1o de neum\u00e1tico:<\/strong><\/td>\n<td style=\"height: 18px;\" colspan=\"1\" align=\"left\">Frontal: 110-70\/17 sin c\u00e1mara Trasero: 140-60\/17<\/td>\n<\/tr>\n<tr style=\"height: 18px;\">\n<td style=\"height: 18px;\" align=\"left\"><strong>Capacidad Max de carga:<\/strong><\/td>\n<td style=\"height: 18px;\" colspan=\"1\" align=\"left\">2 personas (150kg)<\/td>\n<\/tr>\n<tr style=\"height: 18px;\">\n<td style=\"height: 18px;\" align=\"left\"><strong>Tipo de marco:<\/strong><\/td>\n<td style=\"height: 18px;\" colspan=\"1\" align=\"left\">Acero<\/td>\n<\/tr>\n<tr style=\"height: 18px;\">\n<td style=\"height: 18px;\" align=\"left\"><strong>Peso neto:<\/strong><\/td>\n<td style=\"height: 18px;\" colspan=\"1\" align=\"left\">189 kg (con bater\u00eda)<\/td>\n<\/tr>\n<tr style=\"height: 18px;\">\n<td style=\"height: 18px;\" align=\"left\"><strong>Peso de la bater\u00eda:<\/strong><\/td>\n<td style=\"height: 18px;\" align=\"left\">59kg<\/td>\n<\/tr>\n<tr style=\"height: 54px;\">\n<td style=\"height: 54px;\" align=\"left\"><strong>Incluye:<\/strong><\/td>\n<td style=\"height: 54px;\" colspan=\"1\" align=\"left\">3 velocidades + Marcador Pantalla LCD + Alarma + 2 Juegos de llaves+ Espejos Retrovisores + Sistema de Freno ABS\u00a0+ Arranque Sin Llave + Entrada de Cargador Tipo 2<\/td>\n<\/tr>\n<tr style=\"height: 18px;\">\n<td style=\"height: 18px;\" align=\"left\"><strong>Medidas<\/strong><\/td>\n<td style=\"height: 18px;\" colspan=\"1\" align=\"left\">2150x870x1100mm<\/td>\n<\/tr>\n<tr style=\"height: 18px;\">\n<td style=\"height: 18px;\" align=\"left\"><strong>Permiso de Circulaci\u00f3n<\/strong><\/td>\n<td style=\"height: 18px;\" colspan=\"1\" align=\"left\">A1,A2,A, B (3 a\u00f1os)<\/td>\n<\/tr>\n<\/tbody>\n<\/table>\n<p>&nbsp;<\/p>\n<p><strong>Motocicleta El\u00e9ctrica 0 Emisiones Homologado por la Direcci\u00f3n General de Tr\u00e1fico y Ministerio de Industria. Circulaci\u00f3n Legal 100&#215;100. <\/strong><\/p>\n<p><img decoding=\"async\" data-src=\"https:\/\/i.ibb.co\/hKm0S3W\/tarjetaemisioneseco.jpg\" alt=\"tarjetaemisioneseco\" width=\"197\" height=\"142\" border=\"0\" title=\"\" src=\"data:image\/svg+xml;base64,PHN2ZyB3aWR0aD0iMSIgaGVpZ2h0PSIxIiB4bWxucz0iaHR0cDovL3d3dy53My5vcmcvMjAwMC9zdmciPjwvc3ZnPg==\" class=\"lazyload\" style=\"--smush-placeholder-width: 197px; --smush-placeholder-aspect-ratio: 197\/142;\"><\/p>\n<p>&nbsp;<\/p>\n<p>3 a\u00f1os en todos los componentes y partes del producto. Disponemos de todo tipo de repuestos, como bater\u00edas, motores, cubiertas, faros y pilotos, frenos, manetas, electr\u00f3nica.<\/p>\n<p><em>Las fechas indicadas de entrega son aproximadas y se pueden modificar por motivos de una pandemia o retrasos en transporte ocasionados por motivos ajenos a nuestra empresa.<\/em><\/p>\n<p style=\"text-align: center;\"><strong>Recomendaciones Para Tu Motocicleta\u00a0<\/strong><\/p>\n<p><img decoding=\"async\" style=\"--smush-placeholder-width: 487px; --smush-placeholder-aspect-ratio: 487\/487;display: block; margin-left: auto; margin-right: auto;\" data-src=\"https:\/\/i.ibb.co\/wShnnFw\/infografia-baterias-consejos.png\" alt=\"infografia-baterias-consejos\" width=\"487\" height=\"487\" border=\"0\" title=\"\" src=\"data:image\/svg+xml;base64,PHN2ZyB3aWR0aD0iMSIgaGVpZ2h0PSIxIiB4bWxucz0iaHR0cDovL3d3dy53My5vcmcvMjAwMC9zdmciPjwvc3ZnPg==\" class=\"lazyload\"><\/p>\n<p>\u00bfQuieres a largar la vida \u00fatil de tu motocicleta? Sigue esta serie de recomendaciones para disfrutar de tu motocicleta al m\u00e1ximo:<br \/>\n&#8211; Una vez enciendas tu motocicleta espera 5 segundos para acelerar e iniciar tu viaje.<br \/>\n&#8211; Si acabas de utilizar tu motocicleta, te recomendamos esperar media hora para cargar tu bater\u00eda de nuevo.<br \/>\n&#8211; Conduce en Modo ECO para optimizar la vida de tu bater\u00eda.<br \/>\n&#8211; No agotes al completo la bater\u00eda hasta el m\u00ednimo, los estados de carga demasiado bajos perjudican la bater\u00eda, lo ideal es mantener tu bater\u00eda entre el 20 y el 80 % es por ello que con cargar hasta el 80% es suficiente.<br \/>\n&#8211; Recuerda realizar una carga completa una vez a la semana.<br \/>\n&#8211; Evita cargar tu moto en lugares con temperaturas superior 38\u00ba-40\u00aa para evitar que se caliente la bater\u00eda.<\/p>\n<p><strong>\u00bfConoces las Ventajas del Veh\u00edculo El\u00e9ctrico?<\/strong><\/p>\n<p>Visita nuestro blog para conocer el ahorro<\/p>\n<p><a href=\"https:\/\/ibb.co\/WV5RWrt\" target=\"_blank\" rel=\"noopener\"><img decoding=\"async\" style=\"display: block; margin-left: auto; margin-right: auto;\" data-src=\"https:\/\/i.ibb.co\/Y0QV75Z\/tabla-comparativa.jpg\" alt=\"tabla-comparativa\" border=\"0\" title=\"\" src=\"data:image\/svg+xml;base64,PHN2ZyB3aWR0aD0iMSIgaGVpZ2h0PSIxIiB4bWxucz0iaHR0cDovL3d3dy53My5vcmcvMjAwMC9zdmciPjwvc3ZnPg==\" class=\"lazyload\"><\/a><\/p>\n","protected":false},"excerpt":{"rendered":"<ul>\n<li><strong>Motor 12.000W Brushless (125E)<\/strong><\/li>\n<li><strong>Bater\u00eda 72V 120Ah<\/strong><\/li>\n<li><strong>Hasta 200 Km de Autonom\u00eda<\/strong><\/li>\n<li><strong>Velocidad M\u00e1xima de 120km<\/strong><\/li>\n<li><strong>Sistema de Frenos ABS<\/strong><\/li>\n<li><strong>Entrada Cargador Tipo 2<\/strong><\/li>\n<li><strong>USB\u00a0<\/strong><\/li>\n<li><strong>Arranque sin Llave<\/strong><\/li>\n<li><strong>Doble Asiento<\/strong><\/li>\n<\/ul>\n","protected":false},"featured_media":6920,"comment_status":"open","ping_status":"closed","template":"","meta":[],"product_cat":[286],"product_tag":[289,112,290,288,287],"class_list":{"0":"post-6506","1":"product","2":"type-product","3":"status-publish","4":"has-post-thumbnail","6":"product_cat-tinbot-rs1","7":"product_tag-moto-125e","8":"product_tag-motocicleta-electrica","9":"product_tag-motor-12-000w","10":"product_tag-rs1","11":"product_tag-tinbot-rs1","13":"first","14":"instock","15":"taxable","16":"shipping-taxable","17":"purchasable","18":"product-type-simple"},"_links":{"self":[{"href":"https:\/\/sunra-oficial.com\/index.php?rest_route=\/wp\/v2\/product\/6506","targetHints":{"allow":["GET"]}}],"collection":[{"href":"https:\/\/sunra-oficial.com\/index.php?rest_route=\/wp\/v2\/product"}],"about":[{"href":"https:\/\/sunra-oficial.com\/index.php?rest_route=\/wp\/v2\/types\/product"}],"replies":[{"embeddable":true,"href":"https:\/\/sunra-oficial.com\/index.php?rest_route=%2Fwp%2Fv2%2Fcomments&post=6506"}],"wp:featuredmedia":[{"embeddable":true,"href":"https:\/\/sunra-oficial.com\/index.php?rest_route=\/wp\/v2\/media\/6920"}],"wp:attachment":[{"href":"https:\/\/sunra-oficial.com\/index.php?rest_route=%2Fwp%2Fv2%2Fmedia&parent=6506"}],"wp:term":[{"taxonomy":"product_cat","embeddable":true,"href":"https:\/\/sunra-oficial.com\/index.php?rest_route=%2Fwp%2Fv2%2Fproduct_cat&post=6506"},{"taxonomy":"product_tag","embeddable":true,"href":"https:\/\/sunra-oficial.com\/index.php?rest_route=%2Fwp%2Fv2%2Fproduct_tag&post=6506"}],"curies":[{"name":"wp","href":"https:\/\/api.w.org\/{rel}","templated":true}]}}