{"id":6950,"date":"2023-03-06T09:44:51","date_gmt":"2023-03-06T08:44:51","guid":{"rendered":"https:\/\/sunra-oficial.com\/?post_type=product&#038;p=6950"},"modified":"2023-03-06T09:46:41","modified_gmt":"2023-03-06T08:46:41","slug":"tinbot-es1-x-pro-organismos-oficiales","status":"publish","type":"product","link":"https:\/\/sunra-oficial.com\/?product=tinbot-es1-x-pro-organismos-oficiales","title":{"rendered":"TINBOT ES1-X PRO Organismos Oficiales 125E 10.000W\/63Ah (Doble Bater\u00eda)"},"content":{"rendered":"<p><strong> TINBOT ES1-X PRO Organismos Oficiales\u00a0125E 10.000W\/63Ah (Doble Bater\u00eda)\u00a0<\/strong><\/p>\n<p><strong>**IMPORTANTE:\u00a0<\/strong><\/p>\n<p><strong>*Este modelo solo es Apto para ser vendido a organismos Oficiales<\/strong><strong>. El Tiempo estimado de entrega es de 4 semanas debido a la preparaci\u00f3n del veh\u00edculo. La disponibilidad de este modelo depender\u00e1 del Stock del modelo original.\u00a0<\/strong><\/p>\n<p><strong>*N<\/strong><strong>uestros Modelos TINBOT solo est\u00e1n disponibles para la venta en Espa\u00f1a y Portugal.\u00a0<\/strong><\/p>\n<p>Llega la aut\u00e9ntica revoluci\u00f3n de la mano de TINBOT, la motocicleta el\u00e9ctrica off road ES1-X PRO con una potencia equivalente a 125e. Dispone de un motor el\u00e9ctrico Brushless de 10.000W.\u00a0ES1-X PRO se enfoca en la agilidad, manejabilidad y la m\u00e1xima relaci\u00f3n entre\u00a0peso y potencia para ofrecer una experiencia de pilotaje sobre los terrenos m\u00e1s movedizos. Este modelo se dise\u00f1a adapt\u00e1ndose a las necesidades de los organismos oficiales y cumpliendo todas las normativas vigentes permitidas para este tipo de veh\u00edculos.<\/p>\n<p>&nbsp;<\/p>\n<p><img decoding=\"async\" style=\"--smush-placeholder-width: 644px; --smush-placeholder-aspect-ratio: 644\/483;display: block; margin-left: auto; margin-right: auto;\" data-src=\"https:\/\/i.postimg.cc\/P5qCyJFw\/motos-tinbot-para-policia.jpg\" alt=\"motos-tinbot-para-policia\" width=\"644\" height=\"483\" border=\"0\" title=\"\" src=\"data:image\/svg+xml;base64,PHN2ZyB3aWR0aD0iMSIgaGVpZ2h0PSIxIiB4bWxucz0iaHR0cDovL3d3dy53My5vcmcvMjAwMC9zdmciPjwvc3ZnPg==\" class=\"lazyload\"><\/p>\n<p>&nbsp;<\/p>\n<p>Disfruta de la gran autonom\u00eda que ofrece esta moto el\u00e9ctrica, dispone de dos bater\u00edas\u00a0\u00a0de 72V 63Ah con las que podr\u00e1s recorrer hasta 130km sin interrupciones.<\/p>\n<p><img decoding=\"async\" style=\"--smush-placeholder-width: 648px; --smush-placeholder-aspect-ratio: 648\/486;display: block; margin-left: auto; margin-right: auto;\" data-src=\"https:\/\/i.postimg.cc\/Vv3s995f\/20230127-121907.jpg\" alt=\"20230127-121907\" width=\"648\" height=\"486\" border=\"0\" title=\"\" src=\"data:image\/svg+xml;base64,PHN2ZyB3aWR0aD0iMSIgaGVpZ2h0PSIxIiB4bWxucz0iaHR0cDovL3d3dy53My5vcmcvMjAwMC9zdmciPjwvc3ZnPg==\" class=\"lazyload\"><\/p>\n<p>Nada de gasolina, filtros ni reparaciones complejas. <strong>Recargue su TINBOT\u00a0ES1-X PRO en su hogar, trabajo, oficinas<\/strong>, etc. \u00a1Las posibilidades son ilimitadas! \u00a1Y disfrute del m\u00e1ximo rendimiento en estado puro!<\/p>\n<p>Disfruta de la adrenalina, ES1-X PRO dispone de ruedas de tacos que te ofrece una gran movilidad en campo y terrenos m\u00e1s pantanosos adem\u00e1s\u00a0posee unas l\u00edneas deportivas que no te dejar\u00e1 indiferente.<\/p>\n<p><img decoding=\"async\" style=\"--smush-placeholder-width: 567px; --smush-placeholder-aspect-ratio: 567\/379;display: block; margin-left: auto; margin-right: auto;\" data-src=\"https:\/\/i.ibb.co\/1X7K1BR\/TB-Esum-off-road.jpg\" alt=\"TB-Esum-off-road\" width=\"567\" height=\"379\" border=\"0\" title=\"\" src=\"data:image\/svg+xml;base64,PHN2ZyB3aWR0aD0iMSIgaGVpZ2h0PSIxIiB4bWxucz0iaHR0cDovL3d3dy53My5vcmcvMjAwMC9zdmciPjwvc3ZnPg==\" class=\"lazyload\"><\/p>\n<p>&nbsp;<\/p>\n<p>TINBOT ES1-X PRO est\u00e1 equipada con un motor central de\u00a010.000W\u00a0ubicado en en el centro de la moto, que proporciona la suficiente fuerza para alcanzar la velocidad m\u00e1xima de 96km\/h.<\/p>\n<p><img decoding=\"async\" style=\"--smush-placeholder-width: 566px; --smush-placeholder-aspect-ratio: 566\/480;display: block; margin-left: auto; margin-right: auto;\" data-src=\"https:\/\/i.ibb.co\/VTMWyRM\/Screenshot-5.png\" alt=\"Screenshot-5\" width=\"566\" height=\"480\" border=\"0\" title=\"\" src=\"data:image\/svg+xml;base64,PHN2ZyB3aWR0aD0iMSIgaGVpZ2h0PSIxIiB4bWxucz0iaHR0cDovL3d3dy53My5vcmcvMjAwMC9zdmciPjwvc3ZnPg==\" class=\"lazyload\"><\/p>\n<p>Dispone de un <strong>marcador con pantalla LCD<\/strong> que le permite tener todo bajo su control: conoce los kil\u00f3metros recorridos, veloc\u00edmetro, hora, nivel de bater\u00eda, intensidad del motor o el tipo de velocidad a la que circulas en cada momento.<\/p>\n<p><img decoding=\"async\" style=\"--smush-placeholder-width: 571px; --smush-placeholder-aspect-ratio: 571\/375;display: block; margin-left: auto; margin-right: auto;\" data-src=\"https:\/\/i.ibb.co\/Z6ZhHBx\/Screenshot-6.png\" alt=\"Screenshot-6\" width=\"571\" height=\"375\" border=\"0\" title=\"\" src=\"data:image\/svg+xml;base64,PHN2ZyB3aWR0aD0iMSIgaGVpZ2h0PSIxIiB4bWxucz0iaHR0cDovL3d3dy53My5vcmcvMjAwMC9zdmciPjwvc3ZnPg==\" class=\"lazyload\"><br \/>\nLleva a un acompa\u00f1ante contigo. TINBOT ES1-X PRO dispone de un amplio y c\u00f3modo asiento para <strong>dos personas.<\/strong><\/p>\n<p><a href=\"https:\/\/imgbb.com\/\" target=\"_blank\" rel=\"noopener\"><img decoding=\"async\" style=\"--smush-placeholder-width: 506px; --smush-placeholder-aspect-ratio: 506\/215;display: block; margin-left: auto; margin-right: auto;\" data-src=\"https:\/\/i.ibb.co\/89KdVmL\/es1-X.jpg\" alt=\"es1-X\" width=\"506\" height=\"215\" border=\"0\" title=\"\" src=\"data:image\/svg+xml;base64,PHN2ZyB3aWR0aD0iMSIgaGVpZ2h0PSIxIiB4bWxucz0iaHR0cDovL3d3dy53My5vcmcvMjAwMC9zdmciPjwvc3ZnPg==\" class=\"lazyload\"><\/a><\/p>\n<p>&nbsp;<\/p>\n<p>Est\u00e1 motocicleta el\u00e9ctrica est\u00e1 equipada con un <strong>faro frontal LED<\/strong> que le permite divisar un mayor \u00e1ngulo de visi\u00f3n en el camino sobre todo por la noche sin que pueda existir ning\u00fan peligro en la carretera. Con f\u00e1cil manejo de luces largas, cortas, posici\u00f3n y emergencia.<\/p>\n<p><img decoding=\"async\" style=\"--smush-placeholder-width: 552px; --smush-placeholder-aspect-ratio: 552\/368;display: block; margin-left: auto; margin-right: auto;\" data-src=\"https:\/\/i.ibb.co\/hmZxT3q\/9-1.jpg\" alt=\"9-1\" width=\"552\" height=\"368\" border=\"0\" title=\"\" src=\"data:image\/svg+xml;base64,PHN2ZyB3aWR0aD0iMSIgaGVpZ2h0PSIxIiB4bWxucz0iaHR0cDovL3d3dy53My5vcmcvMjAwMC9zdmciPjwvc3ZnPg==\" class=\"lazyload\"><br \/>\nEst\u00e1 equipada con<strong>\u00a0discos de frenos delanteros y traseros\u00a0<\/strong>para una correcta frenada. Adem\u00e1s, cuenta con amortiguadores hidr\u00e1ulicos frontales y traseros que permiten una conducci\u00f3n m\u00e1s estable en terrenos movedizos.\u00a0Una de las ventajas de esta motocicleta es la gran capacidad y potencia de la <strong>Bater\u00eda de Litio 72V\/63Ah<\/strong>.\u00a0En tan s\u00f3lo 5 o 6 horas\u00a0 unas horas podr\u00e1s tener tu bater\u00eda totalmente cargada, con la que recorrer hasta\u00a0<strong>130 Km sin interrupciones en Modalidad ECO.\u00a0<\/strong><\/p>\n<p>Adem\u00e1s nuestra TINBOT ES1-X PRO es totalmente resistente al agua. Conduzca sin temores a las condiciones meteorol\u00f3gicas. Sus componentes est\u00e1n dise\u00f1ados para poder resistir la lluvia y el viento, siendo testados cada uno de ellos.<\/p>\n<p><img decoding=\"async\" style=\"--smush-placeholder-width: 548px; --smush-placeholder-aspect-ratio: 548\/406;display: block; margin-left: auto; margin-right: auto;\" data-src=\"https:\/\/i.postimg.cc\/dVGXVRY2\/20230127-123719-0-edit.jpg\" alt=\"20230127-123719-0-edit\" width=\"548\" height=\"406\" border=\"0\" title=\"\" src=\"data:image\/svg+xml;base64,PHN2ZyB3aWR0aD0iMSIgaGVpZ2h0PSIxIiB4bWxucz0iaHR0cDovL3d3dy53My5vcmcvMjAwMC9zdmciPjwvc3ZnPg==\" class=\"lazyload\"><\/p>\n<p>&nbsp;<\/p>\n<p><strong>El Modelo de TINBOT ES1-X PRO Organizaciones Oficiales dispone de las siguientes caracteristicas<\/strong><\/p>\n<ul>\n<li>FOCO NANOLED LUZ AZUL\/AZUL, LENTE CRIST, CON INTERMI, MULTITENSI\u00d3N 10-30V.<\/li>\n<li>HOMOLOGADO R65 CON LUZ CR<\/li>\n<li>CO420 MASTIL TEL.LD AZ HL<\/li>\n<li>SOPORTE DE MASTIL<\/li>\n<li>SCS1000-D SIRENA COMPACTA 30W, MOTOR FERRITA, 32 PROGRAMAS SELECCIONABLES, KIT<\/li>\n<li>FIJACI\u00d3N INCLUIDO<\/li>\n<li>SCS1000-BLOCK KIT FIJ. VIBRATORIA<\/li>\n<li>KIT CONECTORES SCS+ALS1000D<\/li>\n<li>CJTO. SOPORTE SIRENA COMPACTA<\/li>\n<li>MC-300 MANDO CONTROL MOTOCICLETA<\/li>\n<li>12\/22AH AGM &#8211; BATERIA DE SERVICIO VICTRON<\/li>\n<li>BLUE SMART IP65S CHARGER 12\/5(1) 230V CEE 7\/17<\/li>\n<li>ROTULACION MOTO BATTENBURG REFLECTANTE NIVEL 2<\/li>\n<\/ul>\n<p><strong>* *ADVERTENCIA:<\/strong><\/p>\n<p>Antes de su uso, lea completamente el manual de usuario, advertencias de seguridad, mantenimiento, inspecci\u00f3n, uso de la bater\u00eda y conserve el manual con el que se acompa\u00f1a el producto para futuras referencias.<\/p>\n<p>El precio de este producto, incluye el transporte en la Pen\u00ednsula, el IVA nacional. El comprador deber\u00e1 asegurar la motocicleta mediante su compa\u00f1\u00eda aseguradora, cumplir las normas de circulaci\u00f3n y matricular su veh\u00edculo.<\/p>\n<p><strong>Tambi\u00e9n es necesario firmar un contrato de venta. Nuestro equipo se pondr\u00e1 en contacto con el comprador para enviarle dichos contratos y realizar el tr\u00e1mite.<\/strong><\/p>\n<h3><strong>Especificaciones:<\/strong><\/h3>\n<table border=\"0\" width=\"100%\" cellspacing=\"0\" cellpadding=\"0\">\n<tbody>\n<tr style=\"height: 18px;\">\n<td style=\"height: 18px;\" align=\"left\" width=\"262\"><strong>Nombre de producto:<\/strong><\/td>\n<td style=\"height: 18px;\" colspan=\"1\" align=\"left\" width=\"718\">TINBOT ES1-X PRO Organizaciones Oficiales\u00a0125E 10.000W\/63Ah (Doble Bater\u00eda)<\/td>\n<\/tr>\n<tr style=\"height: 18px;\">\n<td style=\"height: 18px;\" align=\"left\"><strong>Energ\u00eda del motor:<\/strong><\/td>\n<td style=\"height: 18px;\" colspan=\"1\" align=\"left\">10.000W Motor Central (equivalente a 125E)<\/td>\n<\/tr>\n<tr style=\"height: 18px;\">\n<td style=\"height: 18px;\" align=\"left\"><strong>Controladora:<\/strong><\/td>\n<td style=\"height: 18px;\" align=\"left\">FOC<\/td>\n<\/tr>\n<tr style=\"height: 18px;\">\n<td style=\"height: 18px;\" align=\"left\"><strong>Velocidad m\u00e1xima:<\/strong><\/td>\n<td style=\"height: 18px;\" align=\"left\">96 (km\/h)<\/td>\n<\/tr>\n<tr style=\"height: 18px;\">\n<td style=\"height: 18px;\" align=\"left\"><strong>Tipos de bater\u00edas:<\/strong><\/td>\n<td style=\"height: 18px;\" align=\"left\">Bater\u00eda de Litio<\/td>\n<\/tr>\n<tr style=\"height: 18px;\">\n<td style=\"height: 18px;\" align=\"left\"><strong>Capacidad de la bater\u00eda:<\/strong><\/td>\n<td style=\"height: 18px;\" align=\"left\">63AH DE 72V\u00a0(31.5Ah*2 uds.) (4,46 kWh)<\/td>\n<\/tr>\n<tr style=\"height: 18px;\">\n<td style=\"height: 18px;\" align=\"left\"><strong>Alcance m\u00e1ximo:<\/strong><\/td>\n<td style=\"height: 18px;\" align=\"left\">130 km \/ 1 persona (180kg)<\/td>\n<\/tr>\n<tr style=\"height: 18px;\">\n<td style=\"height: 18px;\" align=\"left\"><strong>Bater\u00eda tiempo de carga:<\/strong><\/td>\n<td style=\"height: 18px;\" colspan=\"1\" align=\"left\">5 a 6 horas<\/td>\n<\/tr>\n<tr style=\"height: 20.0339px;\">\n<td style=\"height: 20.0339px;\" align=\"left\"><strong>Vida de bater\u00eda:<\/strong><\/td>\n<td style=\"height: 20.0339px;\" colspan=\"1\" align=\"left\">1.500 ciclos de carga<\/td>\n<\/tr>\n<tr style=\"height: 18px;\">\n<td style=\"height: 18px;\" align=\"left\"><strong>Capacidad de subida:<\/strong><\/td>\n<td style=\"height: 18px;\" colspan=\"1\" align=\"left\">20\u00ba<\/td>\n<\/tr>\n<tr style=\"height: 18px;\">\n<td style=\"height: 18px;\" align=\"left\"><strong>Tipo de medidor:<\/strong><\/td>\n<td style=\"height: 18px;\" colspan=\"1\" align=\"left\">Digital<\/td>\n<\/tr>\n<tr style=\"height: 18px;\">\n<td style=\"height: 18px;\" align=\"left\"><strong>Frenos (frontal\/trasero):<\/strong><\/td>\n<td style=\"height: 18px;\" colspan=\"1\" align=\"left\">Disco 240mm \/ Disco 210mm<\/td>\n<\/tr>\n<tr style=\"height: 36px;\">\n<td style=\"height: 36px;\" align=\"left\"><strong>Amortiguador (Frontal\/Trasero):<\/strong><\/td>\n<td style=\"height: 36px;\" colspan=\"1\" align=\"left\">Hidr\u00e1ulico \/ Hidr\u00e1ulico<\/td>\n<\/tr>\n<tr style=\"height: 18px;\">\n<td style=\"height: 18px;\" align=\"left\"><strong>Tama\u00f1o de neum\u00e1tico:<\/strong><\/td>\n<td style=\"height: 18px;\" colspan=\"1\" align=\"left\">Frontal: 3.00-21\u00a0 Trasero:4.10-18<\/td>\n<\/tr>\n<tr style=\"height: 18px;\">\n<td style=\"height: 18px;\" align=\"left\"><strong>Capacidad Max de carga:<\/strong><\/td>\n<td style=\"height: 18px;\" colspan=\"1\" align=\"left\">2 personas (160kg)<\/td>\n<\/tr>\n<tr style=\"height: 18px;\">\n<td style=\"height: 18px;\" align=\"left\"><strong>Tipo de marco:<\/strong><\/td>\n<td style=\"height: 18px;\" colspan=\"1\" align=\"left\">Acero<\/td>\n<\/tr>\n<tr style=\"height: 18px;\">\n<td style=\"height: 18px;\" align=\"left\"><strong>Peso neto:<\/strong><\/td>\n<td style=\"height: 18px;\" colspan=\"1\" align=\"left\">109 kg (con bater\u00eda)<\/td>\n<\/tr>\n<tr style=\"height: 18px;\">\n<td style=\"height: 18px;\" align=\"left\"><strong>Peso de la bater\u00eda:<\/strong><\/td>\n<td style=\"height: 18px;\" align=\"left\">12,3Kg cada bater\u00eda<\/td>\n<\/tr>\n<tr style=\"height: 54px;\">\n<td style=\"height: 54px;\" align=\"left\"><strong>Incluye:<\/strong><\/td>\n<td style=\"height: 54px;\" colspan=\"1\" align=\"left\">3 velocidades + Marcador Pantalla LCD + Alarma+ Bot\u00f3n Start \/Stock + 2 Juegos de llaves+ Espejos Retrovisores<\/td>\n<\/tr>\n<tr style=\"height: 18px;\">\n<td style=\"height: 18px;\" align=\"left\"><strong>Medidas<\/strong><\/td>\n<td style=\"height: 18px;\" colspan=\"1\" align=\"left\">2080mm x 860mm x 1150mm<\/td>\n<\/tr>\n<tr style=\"height: 18px;\">\n<td style=\"height: 18px;\" align=\"left\"><strong>Permiso de Circulaci\u00f3n<\/strong><\/td>\n<td style=\"height: 18px;\" colspan=\"1\" align=\"left\">A1,A2,A, B (3 a\u00f1os)<\/td>\n<\/tr>\n<\/tbody>\n<\/table>\n<p>&nbsp;<\/p>\n<p><strong>Motocicleta El\u00e9ctrica 0 Emisiones Homologado por la Direcci\u00f3n General de Tr\u00e1fico y Ministerio de Industria. Circulaci\u00f3n Legal 100&#215;100. <\/strong><\/p>\n<p><img decoding=\"async\" data-src=\"https:\/\/i.ibb.co\/hKm0S3W\/tarjetaemisioneseco.jpg\" alt=\"tarjetaemisioneseco\" width=\"197\" height=\"142\" border=\"0\" title=\"\" src=\"data:image\/svg+xml;base64,PHN2ZyB3aWR0aD0iMSIgaGVpZ2h0PSIxIiB4bWxucz0iaHR0cDovL3d3dy53My5vcmcvMjAwMC9zdmciPjwvc3ZnPg==\" class=\"lazyload\" style=\"--smush-placeholder-width: 197px; --smush-placeholder-aspect-ratio: 197\/142;\"><\/p>\n<p>&nbsp;<\/p>\n<p>3 a\u00f1os en todos los componentes y partes del producto. Disponemos de todo tipo de repuestos, como bater\u00edas, motores, cubiertas, faros y pilotos, frenos, manetas, electr\u00f3nica.<\/p>\n<p><em>Las fechas indicadas de entrega son aproximadas y se pueden modificar por motivos de una pandemia o retrasos en transporte ocasionados por motivos ajenos a nuestra empresa.<\/em><\/p>\n<p style=\"text-align: center;\"><strong>Recomendaciones Para Tu Motocicleta\u00a0<\/strong><\/p>\n<p><img decoding=\"async\" style=\"--smush-placeholder-width: 487px; --smush-placeholder-aspect-ratio: 487\/487;display: block; margin-left: auto; margin-right: auto;\" data-src=\"https:\/\/i.ibb.co\/wShnnFw\/infografia-baterias-consejos.png\" alt=\"infografia-baterias-consejos\" width=\"487\" height=\"487\" border=\"0\" title=\"\" src=\"data:image\/svg+xml;base64,PHN2ZyB3aWR0aD0iMSIgaGVpZ2h0PSIxIiB4bWxucz0iaHR0cDovL3d3dy53My5vcmcvMjAwMC9zdmciPjwvc3ZnPg==\" class=\"lazyload\"><\/p>\n<p>\u00bfQuieres a largar la vida \u00fatil de tu motocicleta? Sigue esta serie de recomendaciones para disfrutar de tu motocicleta al m\u00e1ximo:<br \/>\n&#8211; Una vez enciendas tu motocicleta espera 5 segundos para acelerar e iniciar tu viaje.<br \/>\n&#8211; Si acabas de utilizar tu motocicleta, te recomendamos esperar media hora para cargar tu bater\u00eda de nuevo.<br \/>\n&#8211; Conduce en Modo ECO para optimizar la vida de tu bater\u00eda.<br \/>\n&#8211; No agotes al completo la bater\u00eda hasta el m\u00ednimo, los estados de carga demasiado bajos perjudican la bater\u00eda, lo ideal es mantener tu bater\u00eda entre el 20 y el 80 % es por ello que con cargar hasta el 80% es suficiente.<br \/>\n&#8211; Recuerda realizar una carga completa una vez a la semana.<br \/>\n&#8211; Evita cargar tu moto en lugares con temperaturas superior 38\u00ba-40\u00aa para evitar que se caliente la bater\u00eda.<\/p>\n<p><strong>\u00bfConoces las Ventajas del Veh\u00edculo El\u00e9ctrico?<\/strong><\/p>\n<p>Visita nuestro blog para conocer el ahorro<\/p>\n<p><a href=\"https:\/\/ibb.co\/WV5RWrt\" target=\"_blank\" rel=\"noopener\"><img decoding=\"async\" style=\"display: block; margin-left: auto; margin-right: auto;\" data-src=\"https:\/\/i.ibb.co\/Y0QV75Z\/tabla-comparativa.jpg\" alt=\"tabla-comparativa\" border=\"0\" title=\"\" src=\"data:image\/svg+xml;base64,PHN2ZyB3aWR0aD0iMSIgaGVpZ2h0PSIxIiB4bWxucz0iaHR0cDovL3d3dy53My5vcmcvMjAwMC9zdmciPjwvc3ZnPg==\" class=\"lazyload\"><\/a><\/p>\n","protected":false},"excerpt":{"rendered":"<p>TINBOT ES1-X PRO Organismos Oficiales\u00a0125E 10.000W\/63Ah (Doble Bater\u00eda)\u00a0 **IMPORTANTE:\u00a0 *Este modelo solo es Apto para ser vendido a organismos Oficiales. El Tiempo estimado de entrega es de 4 semanas debido a la preparaci\u00f3n del veh\u00edculo. La disponibilidad de este modelo depender\u00e1 del Stock del modelo original.\u00a0 *Nuestros Modelos TINBOT solo est\u00e1n disponibles para la venta [&#8230;]\n","protected":false},"featured_media":6953,"comment_status":"open","ping_status":"closed","template":"","meta":[],"product_cat":[270],"product_tag":[79,298,299,296,297,300],"class_list":{"0":"post-6950","1":"product","2":"type-product","3":"status-publish","4":"has-post-thumbnail","6":"product_cat-tinbot-es1-125e","7":"product_tag-moto-electrica","8":"product_tag-moto-electrica-policia","9":"product_tag-moto-policia","10":"product_tag-tinbot-es1","11":"product_tag-tinbot-es1-125e","12":"product_tag-tinbot-organismos-oficiales","14":"first","15":"instock","16":"taxable","17":"shipping-taxable","18":"purchasable","19":"product-type-simple"},"_links":{"self":[{"href":"https:\/\/sunra-oficial.com\/index.php?rest_route=\/wp\/v2\/product\/6950","targetHints":{"allow":["GET"]}}],"collection":[{"href":"https:\/\/sunra-oficial.com\/index.php?rest_route=\/wp\/v2\/product"}],"about":[{"href":"https:\/\/sunra-oficial.com\/index.php?rest_route=\/wp\/v2\/types\/product"}],"replies":[{"embeddable":true,"href":"https:\/\/sunra-oficial.com\/index.php?rest_route=%2Fwp%2Fv2%2Fcomments&post=6950"}],"wp:featuredmedia":[{"embeddable":true,"href":"https:\/\/sunra-oficial.com\/index.php?rest_route=\/wp\/v2\/media\/6953"}],"wp:attachment":[{"href":"https:\/\/sunra-oficial.com\/index.php?rest_route=%2Fwp%2Fv2%2Fmedia&parent=6950"}],"wp:term":[{"taxonomy":"product_cat","embeddable":true,"href":"https:\/\/sunra-oficial.com\/index.php?rest_route=%2Fwp%2Fv2%2Fproduct_cat&post=6950"},{"taxonomy":"product_tag","embeddable":true,"href":"https:\/\/sunra-oficial.com\/index.php?rest_route=%2Fwp%2Fv2%2Fproduct_tag&post=6950"}],"curies":[{"name":"wp","href":"https:\/\/api.w.org\/{rel}","templated":true}]}}